4*m - 2*z. Let n = 11 - m. Calculate the highest common divisor of 98 and n.
14
Suppose 5*s - 4*s = 2. Suppose s*p - 31 = -7. Calculate the highest common divisor of 3 and p.
3
Let q(v) = v**3 + 5*v**2 - v - 3. Let b be q(-5). Let d be 16/2*7/b. What is the greatest common divisor of d and 224?
28
Suppose 13*v - 456 = 7*v. Calculate the highest common divisor of 19 and v.
19
Let d(b) = 6*b**2 + 15*b + 21. Let n be d(-6). Calculate the highest common divisor of 21 and n.
21
Suppose 205 = 3*w + 49. Suppose -2*a - w = -160. Suppose -3*l - 4*q + 12 = -l, -2*l + 12 = -2*q. What is the highest common divisor of a and l?
6
Let g(z) = -z**2 + 14*z - 26. Let w be g(4). Suppose -3*k + 7*k - 8 = 0. What is the greatest common divisor of k and w?
2
Let d be 99/(0 - -3) + (4 - 7). Calculate the highest common divisor of d and 5.
5
Let a be ((-3)/2)/3*-2. Suppose -3*s + 5 + a = 0. What is the highest common divisor of s and 5?
1
Let t = 10 - 6. Let w(q) = t - 4 - q + 8*q**2. Let c be w(1). Calculate the greatest common factor of 7 and c.
7
Let u be ((-136)/10)/((-1)/5). Suppose -f + u = -85. Calculate the highest common divisor of 17 and f.
17
Let z = -6 + 8. Suppose -z*y + 198 = -0*y. What is the highest common factor of y and 9?
9
Let v(b) = b**2 - 3*b + 1. Let c be v(6). Let g(s) = s**3 - 11*s**2 + 14*s - 2. Let w be g(11). What is the greatest common divisor of w and c?
19
Let q(i) = i**3 + 5*i**2 + 15. Let r be q(-5). Calculate the highest common divisor of 135 and r.
15
Suppose -15 = -2*b - 1. Calculate the greatest common divisor of b and 56.
7
Let p(s) = s**3 + 9*s**2 - 8*s + 10. Let b be p(-9). Suppose 0*t + b = 4*h + 2*t, 4*t + 34 = h. Let i = 5 + -3. Calculate the greatest common factor of i and h.
2
Let u(c) = 2*c**2 - 6*c + 9. Let j = -5 + 11. Let o be u(j). What is the highest common factor of o and 5?
5
Let a = -26 + 31. What is the highest common factor of a and 2?
1
Suppose -3*w + 0*w = -57. What is the greatest common factor of 209 and w?
19
Let c(p) = -p + 3. Let a be c(-5). Calculate the greatest common divisor of a and 88.
8
Let q(v) = -3*v - 17. Let w be q(-13). Calculate the highest common factor of w and 11.
11
Let o be -1*(-8)/4 + 1. Suppose 6*u = o*u + 243. Calculate the greatest common divisor of u and 9.
9
Let f be (-83)/(-17) + (-20)/(-170). Calculate the greatest common divisor of 55 and f.
5
Let y be (-40)/3*(-84)/35. What is the greatest common factor of y and 48?
16
Suppose 62 = f - 235. Calculate the highest common divisor of f and 27.
27
Suppose -q + t = 3 - 5, -t - 12 = -3*q. Suppose 0 = q*m + 6 - 31. Let c(x) = x - 7. Let y be c(12). What is the greatest common divisor of y and m?
5
Let j = -6 - -6. Let z be (0 - (j - -1)) + 25. Calculate the highest common divisor of z and 16.
8
Suppose 64 = 4*n - 2*l, -5*l + 6 + 59 = 5*n. What is the greatest common factor of 165 and n?
15
Let y(t) = 21*t - 1. Suppose -5*i + 0 = -5. Let g be y(i). Calculate the greatest common divisor of g and 5.
5
Let s be (1*9)/((-2)/(-44)). Let t(r) = -15 + 5*r - 8*r + 0*r. Let v be t(-11). Calculate the highest common divisor of s and v.
18
Suppose 3*a + 86 = 374. Suppose -3*u + 20 = -16. What is the greatest common divisor of u and a?
12
Suppose -g = 3*g - 16. Suppose g*u = -0*u + 16. Suppose 2*j - u - 28 = 0. What is the highest common divisor of 24 and j?
8
Suppose -4*t - 63 = 3*z, z - t + 21 = -2*t. Let g = -13 - z. What is the highest common factor of g and 56?
8
Let y(t) = 2*t + 4. Let b(u) = -1. Let j(s) = 2*b(s) + 2*y(s). Let r be j(6). Calculate the greatest common divisor of 12 and r.
6
Let n(v) = v**2 - 5*v + 2. Let t be n(5). Suppose -l + t*l = 52. Let j = 0 - -13. What is the highest common factor of j and l?
13
Suppose -3*q = -j - 13, 2*q - 11 = 2*j - 1. Suppose 4*f = -4*n - 16, -q = f - 3*f + n. Let z = 2 - f. What is the greatest common factor of 3 and z?
1
Let f = -2 - -3. Let s be 2 + -1 - (-2)/f. Calculate the greatest common divisor of 12 and s.
3
Let o(b) = -b**3 + 2*b**2 - 3*b + 28. Let a be o(0). Calculate the highest common factor of 42 and a.
14
Let y(x) = -x - 10. Let r be y(-8). Let t = r - -6. Suppose t*j - 3*c - 35 = -0*j, -3*c + 20 = j. Calculate the highest common factor of j and 88.
11
Suppose c = -2*c + 408. Calculate the greatest common factor of 17 and c.
17
Let u be (1 + -5)/4 + 15. What is the highest common divisor of u and 21?
7
Let a = -5 + 9. Suppose -11 - 1 = -a*f. What is the highest common divisor of 24 and f?
3
Suppose 3*x + 51 - 366 = 0. What is the greatest common divisor of x and 15?
15
Let h be (-4)/(-3)*(-42)/(-28). Calculate the greatest common divisor of 6 and h.
2
Suppose 2*u + 4*h - 26 = 0, -2*u + 2*h + 63 = u. What is the greatest common divisor of 152 and u?
19
Let y = -22 - -74. Suppose 4*d = -2*u - y + 182, -4*d = 5*u - 115. What is the highest common divisor of d and 7?
7
Let z = 29 + -22. What is the greatest common divisor of 2 and z?
1
Let m(t) = t**2 - 3*t - 4. Let f be m(5). Suppose 3*i - 27 = -5*x, 0*x + 2*i = 4*x - 4. Suppose -3*c + 3 = -x. What is the greatest common divisor of c and f?
2
Let r(u) = -u**2 - 14*u. Let m be r(-11). What is the highest common divisor of m and 33?
33
Let f(o) = -o**3 + 4*o**2 + 5*o + 4. Let j be f(5). What is the highest common divisor of j and 36?
4
Suppose -4*m + 42 = -6. Calculate the highest common divisor of 12 and m.
12
Let v be 1/2*(17 + 1). Suppose v*k - 4*k - 58 = -p, 3*p - 5*k - 74 = 0. What is the highest common factor of p and 11?
11
Suppose 2*h - 79 - 31 = 0. What is the highest common factor of h and 22?
11
Suppose 0*i = -2*i + 12. Suppose -24 = 4*n + r, -4*n - 27 = -n + 3*r. Let q = 10 - n. Calculate the greatest common factor of q and i.
3
Let o(q) = 6*q**2 - 4*q. Let i be o(3). Let c(u) = u**2 + 3*u - 2. Let w be c(-5). Let m = 14 - w. What is the greatest common divisor of m and i?
6
Suppose 11 = 5*a - 4. Let w(t) = -t - 2. Let m be w(-5). Calculate the greatest common divisor of a and m.
3
Suppose -3*z = 4*p - 22, 0*z = p - z - 2. Suppose -2*d + 0 = p. Let y be d*(-22)/8*2. What is the greatest common divisor of y and 110?
11
Let i(t) = -184*t - 54. Let w(s) = 37*s + 11. Let q(b) = 3*i(b) + 14*w(b). Let f be q(-5). What is the greatest common divisor of 18 and f?
18
Suppose 21 = -5*a + 4*u - 20, -2*a - u = 19. Let m be (a/(-2))/((-12)/(-128)). Let f = 4 + m. Calculate the greatest common divisor of f and 13.
13
Let v = 161 + -33. What is the highest common factor of 16 and v?
16
Let o = 56 + -4. What is the highest common divisor of o and 8?
4
Suppose -m + 2*w + 9 = 0, 0*m + 3 = -5*m - 2*w. Calculate the highest common factor of 7 and m.
1
Let u(h) = -h**3 + 6*h**2 + 3*h + 6. Let c be u(6). Let j = -6 - -22. Calculate the highest common factor of j and c.
8
Let s be ((-200)/(-12))/(1/6). Let z = -28 + 48. What is the greatest common divisor of s and z?
20
Let u be (-3)/(-15) + 176/20. What is the greatest common divisor of 27 and u?
9
Let y be ((-3)/(-6))/(2/40). Let t(k) = 9*k - 2. Let g be t(3). What is the greatest common divisor of y and g?
5
Let f = -587 - -389. Let g = f - -347. Let x = 221 - g. What is the greatest common divisor of x and 9?
9
Suppose 0*o = 7*o - 35. Suppose -195 = -o*w - 65. Calculate the highest common divisor of w and 26.
26
Let a = 13 + 4. Suppose -3*n = -a - 1. Suppose -33 = -n*m + 3*m. What is the highest common divisor of 88 and m?
11
Suppose 4*w - 5*j - 111 = 2*w, 2*w + j - 93 = 0. Let n = -27 - -63. Suppose 0 = 4*k - k - n. What is the greatest common divisor of w and k?
12
Suppose -138 = -10*g + 12. Let q = -30 - -60. What is the greatest common factor of q and g?
15
Let a be (0 - -20) + (-1 - -3). Suppose 0 = t + t - 4. Calculate the highest common factor of a and t.
2
Let b be (4/5)/(4/10). Suppose -k = -b*k + 40. Let i be (4 - 5)/(1/(-8)). Calculate the greatest common divisor of i and k.
8
Suppose 4*g - 52 = 8. Suppose -g = -4*f - f. Suppose 0*b - 5*p - 225 = -f*b, -365 = -5*b + 5*p. What is the greatest common divisor of b and 7?
7
Let y(o) = -o**2 - 9*o - 1. Let z be y(-7). What is the highest common divisor of z and 52?
13
Let c be (-1)/(2*2/(-12)). Let a be 4/c*45/6. What is the highest common factor of a and 10?
10
Let u = 22 + -20. Calculate the greatest common factor of u and 10.
2
Sup